et g(a) = -a**3 - 7*a**2 - 4*a - 7. Let n be g(-7). Let s = n + -18. Suppose 0 = -3*c + 4*c - 2, 4*c - 29 = -s*q. What are the prime factors of q?
7
Suppose -4*t = -t - 12. Suppose 5*b = -t*h + 220 + 151, -138 = -2*b + h. List the prime factors of b.
71
Suppose -2*c + 149 = -1395. What are the prime factors of c?
2, 193
Let c = 22 - 6. Let t = c + -13. List the prime factors of (t - 0)*1*1.
3
Let q(b) = 33*b**3 - 21*b + 51. What are the prime factors of q(4)?
3, 7, 11
Let k(a) = -a + 23. Let y be (-6)/(-15)*-2*-20. List the prime factors of k(y).
7
Suppose -21*k - 2064 = -33*k. List the prime factors of k.
2, 43
Let r be (0 + 2)/((-1)/9). Let u = 282 - 295. Let d = u - r. List the prime factors of d.
5
Let s(u) = 12*u**2 + 4*u. Let d be s(-3). Suppose -4*n = -5*i + d, -i + 3*i - 3*n - 44 = 0. List the prime factors of 5*(-3)/((-60)/i).
2
List the prime factors of -57 - -53 - (-945 - 0).
941
Suppose 13 = -4*m + g + 5, 3*m + 1 = 2*g. What are the prime factors of m*(-2)/27 + 66619/279?
239
Let d = -235 + 1410. List the prime factors of d.
5, 47
Let h(r) = 3*r**2 - 16*r + 26. List the prime factors of h(4).
2, 5
Let h(f) = 5*f**2 + 13*f + 6. Let q be h(-3). Let s(m) = -m**2 + 31*m - 14. What are the prime factors of s(q)?
2, 107
Suppose 4*t - 4*s = 260, 0 = 5*t - 0*s - 4*s - 323. Suppose -t = -2*k - 7. Suppose 0 = -2*p + 2*q + k, -65 = -4*p + 4*q - 3*q. List the prime factors of p.
17
Let p(r) = 27*r**2 + 10*r + 16. List the prime factors of p(-8).
2, 13
Let r be (-2)/(-1) + -2 + (-624)/(-3). List the prime factors of r + 2/6 + 14/21.
11, 19
What are the prime factors of 5196/(-16)*56/(-14)?
3, 433
Let i = 45 - 209. Let n = 278 + i. What are the prime factors of n?
2, 3, 19
Suppose 15 = -4*d + 4*h - h, 15 = 3*h. Suppose d = 3*x - 4*w - 490, 2*x = x - 2*w + 160. List the prime factors of x.
2, 3
What are the prime factors of (-127160)/(-33) - 3/9?
3853
Let p(i) = -i**2 + 31. Let q be ((-2)/(-4))/(5/260). Let y = 26 - q. What are the prime factors of p(y)?
31
Suppose 2*x = x - 3. What are the prime factors of 0 + 6/x + 136?
2, 67
Let l(f) = 3*f - 9. Let o be l(10). Let z = o + -18. Let r(j) = -j**2 + 3*j + 2. List the prime factors of r(z).
2
Let o(u) = -55*u**3 + 2*u**2 - 5*u - 6. Suppose x = 3*p - 1, -2*x + 4*p - 1 = 1. List the prime factors of o(x).
2, 7
Let k be 4/((-104)/(-1062)) - (-6)/39. Suppose -3*o = -220 - k. What are the prime factors of o?
3, 29
Let q(b) = 5*b**2 + 8*b + 32. List the prime factors of q(6).
2, 5, 13
Let y = 124 + -20. What are the prime factors of (-5 - -1) + 2/1 + y?
2, 3, 17
Suppose -5*q = -2*b - 19, -q - 8 + 1 = 5*b. Suppose q + 12 = y. List the prime factors of y.
3, 5
Let v = 1693 + -536. What are the prime factors of v?
13, 89
Suppose -4*q - 25 = -3*z + 11, z = 4*q + 4. Let l = 14 - z. Let g = 4 - l. List the prime factors of g.
2, 3
Suppose -3*u - 16 = -u. Let b be (18/6)/((-3)/u). Let k = 21 - b. What are the prime factors of k?
13
Suppose -u = -z + 2 + 1, -5*u + 15 = 0. Suppose -2*x + 34 = z. Suppose 0 = -m + 3*a + 3 + 5, -3*m = -4*a - x. What are the prime factors of m?
2
Let c(f) be the first derivative of f**3/3 + 2*f**2 - 16*f + 1. Let q(d) = -16*d - 328. Let p be q(-21). List the prime factors of c(p).
2, 5
Suppose 0 = -7*n + 848 - 43. Let y = n + -96. What are the prime factors of y?
19
Suppose 0 = -0*h - 3*h + 3*z + 1164, 3*h + 4*z = 1185. What are the prime factors of h?
17, 23
Suppose -104 = -8*x + 4*x. List the prime factors of (1 - -40)/(13/x).
2, 41
Let a = 9 + -2. Let z(b) be the first derivative of -b**3/3 + 4*b**2 + 15*b - 22. List the prime factors of z(a).
2, 11
Let i(v) = -v**3 + 12*v**2 - 13. Let x be i(7). Let s = x + -74. List the prime factors of s.
2, 79
Let r = -10 + 8. Let a be (r + -6)*(-4 - -2). Suppose 0 = 20*o - a*o - 52. What are the prime factors of o?
13
Suppose 8*n = -8*n + 8848. List the prime factors of n.
7, 79
Let c = -1013 - -1944. List the prime factors of c.
7, 19
Let h(a) = -a**2 - 18*a - 53. Let f be h(-13). Let g(s) = s**2 - 8*s + 1. List the prime factors of g(f).
7
Let i(r) = -5*r - 1. Suppose -9*z = -4*z + 5. Let u be i(z). Suppose -u*q + 0*p = -p - 100, -5*p + 4 = q. List the prime factors of q.
2, 3
Let i(t) = 59*t**2 + 42*t - 127. List the prime factors of i(3).
2, 5, 53
Let h = 278 - -158. What are the prime factors of h?
2, 109
Let q(z) = -z**2 + 5*z + 5. Let s be q(5). Suppose 5*a - o = -120, -a = 3*a + s*o + 96. Let y = -14 - a. List the prime factors of y.
2, 5
Let k = 51 + 450. What are the prime factors of k?
3, 167
Let x = 3071 + -1186. What are the prime factors of x?
5, 13, 29
Let s be (1/2 + -1)/(2/4). What are the prime factors of (1 + s + (-3 - -61))*1?
2, 29
Suppose i - 21 = -79. Let b = 73 + i. List the prime factors of b.
3, 5
Suppose -2*w + 1135 = -5*d - 766, w - 946 = d. List the prime factors of w.
23, 41
Let p be (-3 + 4)/((-2)/(-22)). Suppose 0 = -5*t + p*t - 12. Suppose -t*o = -75 - 23. List the prime factors of o.
7
Let z(h) = 206*h**3 + h**2. Let a be z(1). Suppose a = 4*r - 141. List the prime factors of r.
3, 29
Suppose 4*n + 4*i = 2952, 8*n - 3*n - 3706 = 3*i. What are the prime factors of n?
2, 5, 37
Let p = 13 - 13. Suppose p = -c - 175 - 133. What are the prime factors of 14/(-63) - c/9?
2, 17
Suppose z + 62 = 583. Suppose 9*i - 1018 = z. List the prime factors of i.
3, 19
Suppose 4*f + 4 = 3*l - 2*l, -2 = 2*f. Suppose l = -4*c + g + 116, 66 = 3*c + g - 14. List the prime factors of c.
2, 7
Let r = 107 + 252. What are the prime factors of r?
359
Suppose 20 = 3*t - 22. Suppose 63 = l + t. List the prime factors of l.
7
Let v = -44 - -48. Let k(j) = -j**3 + 3*j**2 - 3*j + 2. Let d be k(2). Suppose d = w + 4*r + 5, v*r - 31 = -4*w + 5*r. List the prime factors of w.
7
Let j = -17 + 24. Suppose 2*x - j*x = 0. Suppose 6*y - 2*y - 64 = x. What are the prime factors of y?
2
Suppose -8 + 24 = 4*v. Suppose v*p - 64 = 72. List the prime factors of p.
2, 17
Suppose -23*r = -21*r - 50. Suppose -r*z - 436 = -27*z. What are the prime factors of z?
2, 109
List the prime factors of (-1 - 67/(-7))*17220/328.
2, 3, 5
Let d be 0 + (-3)/((-12)/20). Suppose 3*v - 12 = 0, 5*m - 35 = 2*m - d*v. Suppose -3*q + 2*q - 72 = -2*c, -m*q + 95 = 3*c. What are the prime factors of c?
5, 7
Suppose -17*r + 32 = -15*r. Let y(x) = 5*x - 47. What are the prime factors of y(r)?
3, 11
Let b be -4*(-2 + 1) - -5. Let a(g) = -g**2 + 12*g + 9. What are the prime factors of a(b)?
2, 3
Suppose -5*t = -4*u + 1720 - 6819, t = -u + 1018. List the prime factors of t.
1019
Suppose 2*y - 66 + 6 = 0. List the prime factors of ((12/(-10) - 0) + 2)*y.
2, 3
Let p(q) = -q**3 - 2*q**2 - 4*q - 41. Let m be p(-5). Suppose 5*w - f - 1243 = 0, 5*w - 1255 = -3*f - 2*f. Suppose w - m = 3*h. List the prime factors of h.
5, 13
Let q be -6*(3/6 + (22 - 2)). What are the prime factors of (q - 9)/((-2)/3)?
2, 3, 11
Let g(a) = 5 - 8*a**2 + 4*a + 0*a + 7*a**2 + 23*a**2. What are the prime factors of g(-3)?
191
Let a(f) = 59*f**3 + 4*f**2 - 5*f + 12. Let y be a(3). Suppose -7*l + y = -l. List the prime factors of l.
271
Let i(y) = -11*y**2 - 32*y - 17. Let h(t) = 4*t**2 + 11*t + 6. Let d(o) = 8*h(o) + 3*i(o). Suppose -4*j - 22 = 6. What are the prime factors of d(j)?
2
Let i be 2*((-44)/(-8) - 4). Suppose -25 - 44 = -i*y. List the prime factors of y.
23
Let i = 27 - -86. Let w = -13 + i. List the prime factors of w.
2, 5
Let l = -6 - 13. Let j = l - -3. List the prime factors of (-164)/j + 6/8.
11
Suppose 4*k - 3 - 21 = 0. Let s = k - 6. What are the prime factors of 18 - (s - (1 - 0))?
19
Suppose 0 = -60*o + 58*o + 1862. What are the prime factors of o?
7, 19
Let u = -31 + 108. List the prime factors of u.
7, 11
Let m = 363 - -1024. What are the prime factors of m?
19, 73
List the prime factors of (-232967)/(-49) - 104/(-182).
3, 5, 317
Suppose -5*o + 1057 = 5*j - o, -3*o = j - 218. Let h = j + -73. Suppose 3*l - 4*k = h, 0*l + 3*l - 130 = -2*k. List the prime factors of l.
2, 11
Let o(u) be the third derivative of u**6/120 + u**5/10 + u**4/12 + 5*u**3/6 - 11*u**2. Suppose 5*c + 20 + 5 = 0. What are the prime factors of o(c)?
2, 5
Let z be 3 + -3 + 4 - -1. Suppose 15 + 210 = -z*u. Let k = 2 - u. List the prime factors of k.
47
Suppose 2*y = -3*v + 10, y - 18 = -3*v - 7. Let h(a) = 17*a + 19. List